{"id":698,"date":"2019-02-11T08:40:27","date_gmt":"2019-02-11T08:40:27","guid":{"rendered":"http:\/\/lerncoach-amberg.com\/?page_id=698"},"modified":"2020-09-17T06:20:32","modified_gmt":"2020-09-17T06:20:32","slug":"lerncoach-warum-darum","status":"publish","type":"page","link":"https:\/\/lerncoach-amberg.com\/?page_id=698","title":{"rendered":"Lerncoach &#8211; warum &#8211; darum"},"content":{"rendered":"\n<p>Lerncoach, weil wir alles digitalisieren k\u00f6nnen, j\u00fcngere Sch\u00fcler den direkten Kontakt bei der F\u00f6rderung ben\u00f6tigen. Lerncoach, weil in vielen Schulen Lehrer mit Teilleistungsst\u00f6rungen, AD(H)S oder Hochbegabung nicht umgehen k\u00f6nnen.<\/p>\n\n\n\n<figure class=\"wp-block-embed-facebook wp-block-embed is-type-rich is-provider-facebook\"><div class=\"wp-block-embed__wrapper\">\n<div id=\"fb-root\"><\/div><script async=\"1\" defer=\"1\" crossorigin=\"anonymous\" src=\"https:\/\/connect.facebook.net\/de_DE\/sdk.js#xfbml=1&amp;version=v7.0\"><\/script><div class=\"fb-post\" data-href=\"https:\/\/www.facebook.com\/334715323795112\/posts\/344784126121565\/\" data-width=\"750\"><blockquote cite=\"https:\/\/www.facebook.com\/lerncoachamberg\/posts\/344784126121565\" class=\"fb-xfbml-parse-ignore\"><p>Darum zum Lerncoach!<\/p>Gepostet von <a href=\"https:\/\/www.facebook.com\/lerncoachamberg\/\">Lerncoach Anne Bergh\u00f6fer<\/a> am&nbsp;<a href=\"https:\/\/www.facebook.com\/lerncoachamberg\/posts\/344784126121565\">Montag, 11. Februar 2019<\/a><\/blockquote><\/div>\n<\/div><\/figure>\n\n\n\n<figure class=\"wp-block-image size-large is-resized\"><img loading=\"lazy\" decoding=\"async\" src=\"https:\/\/lerncoach-amberg.com\/wp-content\/uploads\/2020\/06\/Zertifikat-LEGATRAIN-003-768x1024.jpg\" alt=\"\" class=\"wp-image-938\" width=\"434\" height=\"579\" srcset=\"https:\/\/lerncoach-amberg.com\/wp-content\/uploads\/2020\/06\/Zertifikat-LEGATRAIN-003-768x1024.jpg 768w, https:\/\/lerncoach-amberg.com\/wp-content\/uploads\/2020\/06\/Zertifikat-LEGATRAIN-003-225x300.jpg 225w, https:\/\/lerncoach-amberg.com\/wp-content\/uploads\/2020\/06\/Zertifikat-LEGATRAIN-003-1152x1536.jpg 1152w, https:\/\/lerncoach-amberg.com\/wp-content\/uploads\/2020\/06\/Zertifikat-LEGATRAIN-003-1536x2048.jpg 1536w, https:\/\/lerncoach-amberg.com\/wp-content\/uploads\/2020\/06\/Zertifikat-LEGATRAIN-003-scaled.jpg 1920w\" sizes=\"auto, (max-width: 434px) 100vw, 434px\" \/><figcaption><strong>Ich lerne weiter!<\/strong><\/figcaption><\/figure>\n","protected":false},"excerpt":{"rendered":"<p>Lerncoach, weil wir alles digitalisieren k\u00f6nnen, j\u00fcngere Sch\u00fcler den direkten Kontakt bei der F\u00f6rderung ben\u00f6tigen. Lerncoach, weil in vielen Schulen Lehrer mit Teilleistungsst\u00f6rungen, AD(H)S oder Hochbegabung nicht umgehen k\u00f6nnen.<\/p>\n","protected":false},"author":1,"featured_media":0,"parent":0,"menu_order":0,"comment_status":"closed","ping_status":"closed","template":"","meta":{"footnotes":""},"class_list":["post-698","page","type-page","status-publish"],"_links":{"self":[{"href":"https:\/\/lerncoach-amberg.com\/index.php?rest_route=\/wp\/v2\/pages\/698","targetHints":{"allow":["GET"]}}],"collection":[{"href":"https:\/\/lerncoach-amberg.com\/index.php?rest_route=\/wp\/v2\/pages"}],"about":[{"href":"https:\/\/lerncoach-amberg.com\/index.php?rest_route=\/wp\/v2\/types\/page"}],"author":[{"embeddable":true,"href":"https:\/\/lerncoach-amberg.com\/index.php?rest_route=\/wp\/v2\/users\/1"}],"replies":[{"embeddable":true,"href":"https:\/\/lerncoach-amberg.com\/index.php?rest_route=%2Fwp%2Fv2%2Fcomments&post=698"}],"version-history":[{"count":4,"href":"https:\/\/lerncoach-amberg.com\/index.php?rest_route=\/wp\/v2\/pages\/698\/revisions"}],"predecessor-version":[{"id":981,"href":"https:\/\/lerncoach-amberg.com\/index.php?rest_route=\/wp\/v2\/pages\/698\/revisions\/981"}],"wp:attachment":[{"href":"https:\/\/lerncoach-amberg.com\/index.php?rest_route=%2Fwp%2Fv2%2Fmedia&parent=698"}],"curies":[{"name":"wp","href":"https:\/\/api.w.org\/{rel}","templated":true}]}}

<p>Lerncoach, weil wir alles digitalisieren können, jüngere Schüler den direkten Kontakt bei der Förderung benötigen. Lerncoach, weil in vielen Schulen Lehrer mit Teilleistungsstörungen, AD(H)S oder Hochbegabung nicht umgehen können.</p>



<figure class="wp-block-embed-facebook wp-block-embed is-type-rich is-provider-facebook"><div class="wp-block-embed__wrapper">
<div id="fb-root"></div><script async="1" defer="1" crossorigin="anonymous" src="https://connect.facebook.net/de_DE/sdk.js#xfbml=1&amp;version=v7.0"></script><div class="fb-post" data-href="https://www.facebook.com/334715323795112/posts/344784126121565/" data-width="750"><blockquote cite="https://www.facebook.com/lerncoachamberg/posts/344784126121565" class="fb-xfbml-parse-ignore"><p>Darum zum Lerncoach!</p>Gepostet von <a href="https://www.facebook.com/lerncoachamberg/">Lerncoach Anne Berghöfer</a> am&nbsp;<a href="https://www.facebook.com/lerncoachamberg/posts/344784126121565">Montag, 11. Februar 2019</a></blockquote></div>
</div></figure>



<figure class="wp-block-image size-large is-resized"><img loading="lazy" decoding="async" src="https://lerncoach-amberg.com/wp-content/uploads/2020/06/Zertifikat-LEGATRAIN-003-768x1024.jpg" alt="" class="wp-image-938" width="434" height="579" srcset="https://lerncoach-amberg.com/wp-content/uploads/2020/06/Zertifikat-LEGATRAIN-003-768x1024.jpg 768w, https://lerncoach-amberg.com/wp-content/uploads/2020/06/Zertifikat-LEGATRAIN-003-225x300.jpg 225w, https://lerncoach-amberg.com/wp-content/uploads/2020/06/Zertifikat-LEGATRAIN-003-1152x1536.jpg 1152w, https://lerncoach-amberg.com/wp-content/uploads/2020/06/Zertifikat-LEGATRAIN-003-1536x2048.jpg 1536w, https://lerncoach-amberg.com/wp-content/uploads/2020/06/Zertifikat-LEGATRAIN-003-scaled.jpg 1920w" sizes="auto, (max-width: 434px) 100vw, 434px" /><figcaption><strong>Ich lerne weiter!</strong></figcaption></figure>

<p>Lerncoach, weil wir alles digitalisieren können, jüngere Schüler den direkten Kontakt bei der Förderung benötigen. Lerncoach, weil in vielen Schulen Lehrer mit Teilleistungsstörungen, AD(H)S oder Hochbegabung nicht umgehen können.</p>
