{"id":13,"date":"2018-12-02T11:23:08","date_gmt":"2018-12-02T11:23:08","guid":{"rendered":"http:\/\/lab.lerncoach-amberg.com\/?page_id=13"},"modified":"2022-08-15T13:42:30","modified_gmt":"2022-08-15T13:42:30","slug":"home","status":"publish","type":"page","link":"https:\/\/lerncoach-amberg.com\/","title":{"rendered":"Home"},"content":{"rendered":"\n<figure class=\"wp-block-image alignfull\"><img loading=\"lazy\" decoding=\"async\" width=\"1024\" height=\"339\" src=\"http:\/\/lerncoach-amberg.com\/wp-content\/uploads\/2019\/01\/lerncoach_2-1-1024x339.jpg\" alt=\"\" class=\"wp-image-310\" srcset=\"https:\/\/lerncoach-amberg.com\/wp-content\/uploads\/2019\/01\/lerncoach_2-1-1024x339.jpg 1024w, https:\/\/lerncoach-amberg.com\/wp-content\/uploads\/2019\/01\/lerncoach_2-1-300x99.jpg 300w, https:\/\/lerncoach-amberg.com\/wp-content\/uploads\/2019\/01\/lerncoach_2-1-768x254.jpg 768w\" sizes=\"auto, (max-width: 1024px) 100vw, 1024px\" \/><\/figure>\n\n\n\n<div style=\"height:5px\" aria-hidden=\"true\" class=\"wp-block-spacer\"><\/div>\n\n\n\n<h2 class=\"has-text-align-left wp-block-heading\"><strong>Lerncoach Amberg f\u00fcr Kinder und Jugendliche<\/strong><\/h2>\n\n\n\n<h2 class=\"has-text-align-left wp-block-heading\"><strong>Dyskalkulietherapeutin nach BVL zertifiziert<\/strong><br><\/h2>\n\n\n\n<p>Was bedeutet Coaching? Der Begriff kommt aus dem Englischen und bedeutet &#8222;trainieren&#8220; oder &#8222;begleiten&#8220;. Coaching ist interaktiv, personenzentriert  und ausgerichtet an individuellen Bed\u00fcrfnissen.<\/p>\n\n\n\n<p>Dieses Wissen begleitet auch die Therapie rechengest\u00f6rter Kinder. Verantwortungsvolle F\u00f6rderung sieht den ganzen Menschen, beinhaltet therapeutische Gespr\u00e4che,  Wahrnehmungsf\u00f6rderung, achten auf die Motorik, die Merkf\u00e4higkeit und legt einen starken Fokus auf Elternarbeit.<br><\/p>\n\n\n\n<p style=\"color:#91cf4f\" class=\"has-text-color\"><strong>GENAU DAS IST MEIN ZIEL.<\/strong><\/p>\n\n\n\n<p>Lernprobleme k\u00f6nnen vor\u00fcbergehend, \u00fcberdauernd, bereichsspezifisch oder allgemein sein. Jeder hat seine eigene Zeit zum Lernen, sein eigenes Lern- und Leistungsniveau. Ich beginne das Lerncoaching mit einer ausf\u00fchrlichen Anamnese, damit wir Ihr Kind genau da f\u00f6rdern, wo es Hilfe ben\u00f6tigt. Ich biete Ihnen  einen F\u00f6rderplan, der speziell f\u00fcr ihr Kind zusammengestellt wird. <strong>Selbstmanagement bei den Hausaufgaben, bei der Vorbereitung auf Schulaufgaben sind Thema meines Lerncoachtrainings.<\/strong><\/p>\n\n\n\n<p>Lernschw\u00e4chen zu erkennen ist eine wichtige Aufgabe beim F\u00f6rdern von Kindern. H\u00e4ufig geben Eltern jahrelang Geld f\u00fcr Nachhilfe aus, ohne eine Verbesserung. Verantwortungsvoll Kinder zu unterst\u00fctzen und Eltern begleiten hei\u00dft auch sie an Kinder- und Jugendpsychiater oder Mediziner zu verweisen. Teilweise wird von der Schule eine Teilleistungsst\u00f6rung jahrelang nicht erkannt, das kann soweit gehen, dass hochbegabte Kinder in eine F\u00f6rderschule gehen.<\/p>\n\n\n\n<p style=\"background-color:#7cdc33\" class=\"has-background has-medium-font-size\"><strong>Lassen Sie uns gemeinsam genauer hinsehen!<\/strong><\/p>\n\n\n\n<h2 class=\"wp-block-heading\"><strong>Trainings- und F\u00f6rderprogramme bei:<\/strong> <\/h2>\n\n\n\n<div style=\"height:5px\" aria-hidden=\"true\" class=\"wp-block-spacer\"><\/div>\n\n\n<div style=\"text-align: left;\" align=\"center\">\n<ul>\n<li>Dyskalkulie, eine Kosten\u00fcbernahme \u00fcber das Jugendamt ist m\u00f6glich<\/li>\n<li>Konzentrationsschw\u00e4chen teilweise mit dem Marburger Konzentrationstraining \/ zertifizierter Trainer<\/li>\n<li>Leseschw\u00e4che oder Leseverweigerung<\/li>\n<li>Rechenschw\u00e4chen<\/li>\n<li>Probleme mit Hausaufgaben<\/li>\n<li>Schulstress in der Familie<\/li>\n<li>Notenverschlechterung<\/li>\n<li>Pr\u00fcfungsangst<\/li>\n<li>Fehlende Strukturen<\/li>\n<li>Mangelndem Selbstbewusstsein, schlechte\u00a0 Noten<\/li>\n<li>Verdacht auf Hochbegabung<\/li>\n<li>Motivationsproblemen<\/li>\n<li>Fehlende Lernmethoden<\/li>\n<\/ul>\n<\/div>\n\n\n<div class=\"wp-block-image\"><figure class=\"alignleft is-resized\"><img loading=\"lazy\" decoding=\"async\" src=\"https:\/\/lerncoach-amberg.com\/wp-content\/uploads\/2019\/01\/Kinder.jpg\" alt=\"\" class=\"wp-image-659\" width=\"74\" height=\"58\" srcset=\"https:\/\/lerncoach-amberg.com\/wp-content\/uploads\/2019\/01\/Kinder.jpg 940w, https:\/\/lerncoach-amberg.com\/wp-content\/uploads\/2019\/01\/Kinder-300x235.jpg 300w, https:\/\/lerncoach-amberg.com\/wp-content\/uploads\/2019\/01\/Kinder-768x601.jpg 768w\" sizes=\"auto, (max-width: 74px) 100vw, 74px\" \/><\/figure><\/div>\n\n\n\n<p class=\"has-text-align-center\"><a href=\"http:\/\/lerncoach-amberg.com\/?page_id=26\">Kontaktieren Sie mich<\/a> f\u00fcr ein kostenloses Erstgespr\u00e4ch.<\/p>\n\n\n\n<p style=\"background-color:#91cf4f;color:#ffffff\" class=\"has-text-color has-background has-text-align-center has-medium-font-size\"><strong>F\u00dcR STARKE, SELBSTBEWUSSTE KINDER. JEDES EIN INDIVIDUUM.<\/strong><\/p>\n","protected":false},"excerpt":{"rendered":"<p>Lerncoach Amberg f\u00fcr Kinder und Jugendliche Dyskalkulietherapeutin nach BVL zertifiziert Was bedeutet Coaching? Der Begriff kommt aus dem Englischen und bedeutet &#8222;trainieren&#8220; oder &#8222;begleiten&#8220;. Coaching ist interaktiv, personenzentriert und ausgerichtet an individuellen Bed\u00fcrfnissen. Dieses Wissen begleitet auch die Therapie rechengest\u00f6rter Kinder. Verantwortungsvolle F\u00f6rderung sieht den ganzen Menschen, beinhaltet therapeutische Gespr\u00e4che, Wahrnehmungsf\u00f6rderung, achten auf die Motorik, &#8230; <a title=\"Home\" class=\"read-more\" href=\"https:\/\/lerncoach-amberg.com\/\">weiterlesen<span class=\"screen-reader-text\">Home<\/span><\/a><\/p>\n","protected":false},"author":1,"featured_media":0,"parent":0,"menu_order":1,"comment_status":"closed","ping_status":"closed","template":"","meta":{"footnotes":""},"class_list":["post-13","page","type-page","status-publish"],"_links":{"self":[{"href":"https:\/\/lerncoach-amberg.com\/index.php?rest_route=\/wp\/v2\/pages\/13","targetHints":{"allow":["GET"]}}],"collection":[{"href":"https:\/\/lerncoach-amberg.com\/index.php?rest_route=\/wp\/v2\/pages"}],"about":[{"href":"https:\/\/lerncoach-amberg.com\/index.php?rest_route=\/wp\/v2\/types\/page"}],"author":[{"embeddable":true,"href":"https:\/\/lerncoach-amberg.com\/index.php?rest_route=\/wp\/v2\/users\/1"}],"replies":[{"embeddable":true,"href":"https:\/\/lerncoach-amberg.com\/index.php?rest_route=%2Fwp%2Fv2%2Fcomments&post=13"}],"version-history":[{"count":119,"href":"https:\/\/lerncoach-amberg.com\/index.php?rest_route=\/wp\/v2\/pages\/13\/revisions"}],"predecessor-version":[{"id":1000,"href":"https:\/\/lerncoach-amberg.com\/index.php?rest_route=\/wp\/v2\/pages\/13\/revisions\/1000"}],"wp:attachment":[{"href":"https:\/\/lerncoach-amberg.com\/index.php?rest_route=%2Fwp%2Fv2%2Fmedia&parent=13"}],"curies":[{"name":"wp","href":"https:\/\/api.w.org\/{rel}","templated":true}]}}