{"id":116,"date":"2018-12-05T11:21:42","date_gmt":"2018-12-05T11:21:42","guid":{"rendered":"http:\/\/lab.lerncoach-amberg.com\/?page_id=116"},"modified":"2022-08-15T14:03:51","modified_gmt":"2022-08-15T14:03:51","slug":"gegenwert","status":"publish","type":"page","link":"https:\/\/lerncoach-amberg.com\/?page_id=116","title":{"rendered":"Gegenwert"},"content":{"rendered":"\n<p style=\"background-color:#575757;color:#ffffff\" class=\"has-text-color has-background has-medium-font-size\">Mein Angebot f\u00fcr Sie<\/p>\n\n\n\n<p>Ich berate Sie und Ihr Kind gern in einem <strong>kostenlosen Erstgespr\u00e4ch<\/strong>. Die M\u00f6glichkeiten der F\u00f6rderung und der Ver\u00e4nderungsziele werden so gemeinsam geplant. Als Einstieg kann in den Ferien ein Kennenlern-Angebot gebucht werden.<br><\/p>\n\n\n\n<p style=\"background-color:#e9e9e9\" class=\"has-background\">Lerncoaching findet in 5er- oder 10er-Bl\u00f6cken statt.<br>Zweiercoaching bei gleichem Lernstand auf Anfrage.<\/p>\n\n\n\n<p><strong>Bei LRS und Dyskalkulie biete ich individuelle Preise, da ein 10er Block zur F\u00f6rderung nicht ausreicht.<\/strong> <\/p>\n\n\n\n<p>Eine Kosten\u00fcbernahme im Rahmen der Eingliederungshilfe nach \u00a7 35a SGB VIII f\u00fcr Dyskalkulie kann beim Jugendamt beantragt werden.<\/p>\n\n\n\n<p>Alle Preise verstehen sich <strong>inklusiv individuellem Wochen\u00fcbungsplan, Material und Elterngespr\u00e4che, sowie t\u00e4gliche Kontaktm\u00f6glichkeit und Unterst\u00fctzung.<\/strong><br>Hausbesuche, Lehrergespr\u00e4che und \u00c4hnliches werden gesondert berechnet, nach Vereinbarung.<\/p>\n\n\n\n<p><a href=\"https:\/\/www.kreis-as.de\/Unser-Landkreis\/Jugend-Familie-Senioren-Soziales\/Wohngeld-Ausbildungsf%C3%B6rderung-weitere-Soziale-Leistungen\/Bildungs-und-Teilhabeleistungen\">https:\/\/www.kreis-as.de\/Unser-Landkreis\/Jugend-Familie-Senioren-Soziales\/Wohngeld-Ausbildungsf%C3%B6rderung-weitere-Soziale-Leistungen\/Bildungs-und-Teilhabeleistungen<\/a><\/p>\n\n\n\n<p style=\"background-color:#575757;color:#ffffff\" class=\"has-text-color has-background has-medium-font-size\">Angebot f\u00fcr Grundsch\u00fcler<\/p>\n\n\n\n<p><strong>Einzelcoaching 60 min <\/strong><br>Buchbar: <br>10er Block   Begleitung \u00fcber 10 Wochen  <br>5er Block     Begleitung \u00fcber   5 Wochen  <\/p>\n\n\n\n<p>Dyskalkulietherapie<\/p>\n\n\n\n<p>W\u00f6chentlich 45 min plus h\u00e4usliche \u00dcbungszeiten<\/p>\n\n\n\n<p style=\"background-color:#575757;color:#ffffff\" class=\"has-text-color has-background has-medium-font-size\">Angebot f\u00fcr alle Altersgruppen<\/p>\n\n\n\n<p><strong>Einzelcoaching f\u00fcr Erwachsene 60 min pro Woche.<\/strong><br><br>Buchbar:<br>10er Block  <br>5er Block<\/p>\n\n\n\n<hr class=\"wp-block-separator\"\/>\n\n\n\n<hr class=\"wp-block-separator\"\/>\n","protected":false},"excerpt":{"rendered":"<p>Mein Angebot f\u00fcr Sie Ich berate Sie und Ihr Kind gern in einem kostenlosen Erstgespr\u00e4ch. Die M\u00f6glichkeiten der F\u00f6rderung und der Ver\u00e4nderungsziele werden so gemeinsam geplant. Als Einstieg kann in den Ferien ein Kennenlern-Angebot gebucht werden. Lerncoaching findet in 5er- oder 10er-Bl\u00f6cken statt.Zweiercoaching bei gleichem Lernstand auf Anfrage. Bei LRS und Dyskalkulie biete ich individuelle &#8230; <a title=\"Gegenwert\" class=\"read-more\" href=\"https:\/\/lerncoach-amberg.com\/?page_id=116\">weiterlesen<span class=\"screen-reader-text\">Gegenwert<\/span><\/a><\/p>\n","protected":false},"author":1,"featured_media":0,"parent":0,"menu_order":0,"comment_status":"closed","ping_status":"closed","template":"","meta":{"footnotes":""},"class_list":["post-116","page","type-page","status-publish"],"_links":{"self":[{"href":"https:\/\/lerncoach-amberg.com\/index.php?rest_route=\/wp\/v2\/pages\/116","targetHints":{"allow":["GET"]}}],"collection":[{"href":"https:\/\/lerncoach-amberg.com\/index.php?rest_route=\/wp\/v2\/pages"}],"about":[{"href":"https:\/\/lerncoach-amberg.com\/index.php?rest_route=\/wp\/v2\/types\/page"}],"author":[{"embeddable":true,"href":"https:\/\/lerncoach-amberg.com\/index.php?rest_route=\/wp\/v2\/users\/1"}],"replies":[{"embeddable":true,"href":"https:\/\/lerncoach-amberg.com\/index.php?rest_route=%2Fwp%2Fv2%2Fcomments&post=116"}],"version-history":[{"count":33,"href":"https:\/\/lerncoach-amberg.com\/index.php?rest_route=\/wp\/v2\/pages\/116\/revisions"}],"predecessor-version":[{"id":1006,"href":"https:\/\/lerncoach-amberg.com\/index.php?rest_route=\/wp\/v2\/pages\/116\/revisions\/1006"}],"wp:attachment":[{"href":"https:\/\/lerncoach-amberg.com\/index.php?rest_route=%2Fwp%2Fv2%2Fmedia&parent=116"}],"curies":[{"name":"wp","href":"https:\/\/api.w.org\/{rel}","templated":true}]}}

<p style="background-color:#575757;color:#ffffff" class="has-text-color has-background has-medium-font-size">Mein Angebot für Sie</p>



<p>Ich berate Sie und Ihr Kind gern in einem <strong>kostenlosen Erstgespräch</strong>. Die Möglichkeiten der Förderung und der Veränderungsziele werden so gemeinsam geplant. Als Einstieg kann in den Ferien ein Kennenlern-Angebot gebucht werden.<br></p>



<p style="background-color:#e9e9e9" class="has-background">Lerncoaching findet in 5er- oder 10er-Blöcken statt.<br>Zweiercoaching bei gleichem Lernstand auf Anfrage.</p>



<p><strong>Bei LRS und Dyskalkulie biete ich individuelle Preise, da ein 10er Block zur Förderung nicht ausreicht.</strong> </p>



<p>Eine Kostenübernahme im Rahmen der Eingliederungshilfe nach § 35a SGB VIII für Dyskalkulie kann beim Jugendamt beantragt werden.</p>



<p>Alle Preise verstehen sich <strong>inklusiv individuellem Wochenübungsplan, Material und Elterngespräche, sowie tägliche Kontaktmöglichkeit und Unterstützung.</strong><br>Hausbesuche, Lehrergespräche und Ähnliches werden gesondert berechnet, nach Vereinbarung.</p>



<p><a href="https://www.kreis-as.de/Unser-Landkreis/Jugend-Familie-Senioren-Soziales/Wohngeld-Ausbildungsf%C3%B6rderung-weitere-Soziale-Leistungen/Bildungs-und-Teilhabeleistungen">https://www.kreis-as.de/Unser-Landkreis/Jugend-Familie-Senioren-Soziales/Wohngeld-Ausbildungsf%C3%B6rderung-weitere-Soziale-Leistungen/Bildungs-und-Teilhabeleistungen</a></p>



<p style="background-color:#575757;color:#ffffff" class="has-text-color has-background has-medium-font-size">Angebot für Grundschüler</p>



<p><strong>Einzelcoaching 60 min </strong><br>Buchbar: <br>10er Block   Begleitung über 10 Wochen  <br>5er Block     Begleitung über   5 Wochen  </p>



<p>Dyskalkulietherapie</p>



<p>Wöchentlich 45 min plus häusliche Übungszeiten</p>



<p style="background-color:#575757;color:#ffffff" class="has-text-color has-background has-medium-font-size">Angebot für alle Altersgruppen</p>



<p><strong>Einzelcoaching für Erwachsene 60 min pro Woche.</strong><br><br>Buchbar:<br>10er Block  <br>5er Block</p>



<hr class="wp-block-separator"/>



<hr class="wp-block-separator"/>

<p>Mein Angebot für Sie Ich berate Sie und Ihr Kind gern in einem kostenlosen Erstgespräch. Die Möglichkeiten der Förderung und der Veränderungsziele werden so gemeinsam geplant. Als Einstieg kann in den Ferien ein Kennenlern-Angebot gebucht werden. Lerncoaching findet in 5er- oder 10er-Blöcken statt.Zweiercoaching bei gleichem Lernstand auf Anfrage. Bei LRS und Dyskalkulie biete ich individuelle &#8230; <a title="Gegenwert" class="read-more" href="https://lerncoach-amberg.com/?page_id=116">weiterlesen<span class="screen-reader-text">Gegenwert</span></a></p>
